- 60. List the prime factors of (-808)/(-10)*w/(-4).
2, 101
Let f be (-664)/(-1) + (-4)/4. Suppose 2*y = 5*a - f, 262 = 2*a + y - 5*y. What are the prime factors of a?
7, 19
Suppose 38*g - 186 = -24*g. What are the prime factors of g/(-4) - (-505885)/460?
7, 157
List the prime factors of (2960/3700)/(-3*2/(-550485)).
2, 3, 13, 941
Suppose -52*w + 5*w + 1034141 = -0*w. What are the prime factors of w?
22003
List the prime factors of (-1905112)/(-55) + (-6)/15.
2, 3, 23, 251
Let u = 105579 - 57680. What are the prime factors of u?
19, 2521
Suppose 32*n = 29*n. Let d(g) = -g**2 - 6*g + 1491. What are the prime factors of d(n)?
3, 7, 71
Suppose -5*m = -9 + 109. Let o = 55 - m. Suppose 0 = -2*f + o + 15. List the prime factors of f.
3, 5
List the prime factors of 32/(-656) + (-968916)/(-82).
2, 7, 211
Let y = -1046 - -3033. List the prime factors of y.
1987
Let h(g) = 7 - 3 - 664*g + 56*g. What are the prime factors of h(-1)?
2, 3, 17
Let v(c) = -c**3 - 15*c**2 - 18*c + 28. Let i = -147 + 132. What are the prime factors of v(i)?
2, 149
Let c be (0 - -2) + -2 - -4. Suppose 1928 = 4*b + c*t, 2*b + 3*t - 825 = 142. What are the prime factors of b?
479
Let s(b) = b**3 + 10*b**2 + 6*b + 10. Let c = 30 - -45. Let h = -81 + c. What are the prime factors of s(h)?
2, 59
Let b(y) = y**2 + 15*y + 60. Let k be b(-8). Suppose -4*d - k*u - 55 = -d, 0 = 5*d - 2*u + 109. List the prime factors of (-42)/(-9) + 14/d.
2
List the prime factors of 23305 + -3 + (-2 + -4)/(39/(-26)).
2, 43, 271
Let i(q) = -q**3 - 13*q**2 + 14*q + 17. Let g be i(-17). Suppose -5*k = 715 + g. List the prime factors of ((-15)/25)/(2/k).
3, 11
Let n(i) = -8*i - 15. Let o be n(-7). Let g = -11 - o. Let z = 61 + g. What are the prime factors of z?
3
Suppose 0 = 4*k + 5*n - 8165 - 6846, 5*k - n = 18713. What are the prime factors of k?
2, 3, 13
What are the prime factors of ((-58)/174)/((-5)/(-9)) - 204258/(-5)?
3, 17, 89
Suppose 10 = 5*m, l = -m - 4*m + 62. Suppose -13*f - l = -14*f. Let u = f - 4. What are the prime factors of u?
2, 3
Let f(u) = -90*u**2 + u - 1. Let h be f(1). Suppose 62*d - 895 = 67*d. Let p = h - d. List the prime factors of p.
89
Let z be (12/10)/(3/580). Suppose k - 554 = 4*c, -c = 2*c + k + 419. Let q = c + z. List the prime factors of q.
3, 31
Let k = 44 - 44. Suppose -g + 6*g + 60 = k. Let w(i) = -7*i - 16. What are the prime factors of w(g)?
2, 17
Suppose 4*m + 2*s - 14 = 0, -m + 77*s = 76*s - 5. Suppose -f + 399 = 4*x - 3*x, 2*x - m*f = 810. List the prime factors of x.
401
Let r = 2524 - 2307. What are the prime factors of r?
7, 31
List the prime factors of (240/(-18) - 8)*(-2298)/8.
2, 383
Suppose -72*o + 54*o = -35*o + 1260601. List the prime factors of o.
29, 2557
Let f(w) = -w**3 + 57*w**2 + 110*w - 51. List the prime factors of f(54).
3, 7, 17, 41
Let a be (-16)/16 + 2 + 2530. Suppose 4*m + 5*v = a, m - v - 641 = -5*v. What are the prime factors of m?
17, 37
List the prime factors of (-54182857)/(-908) - (-2)/8.
3, 19891
What are the prime factors of 9651/3 + (-16 - -2)?
3203
Suppose -6*s = -5*s + 3*g + 68, 5*s = 3*g - 358. Let n = s - -98. What are the prime factors of n?
3
Suppose 12*p = 6*p + 120. Let y = p - 15. Suppose 4*b - 756 = -3*i, -b = y*i - 2*b - 1237. What are the prime factors of i?
2, 31
Suppose 0 + 5 = -5*f, 4*z = 3*f + 1475. Suppose -3*q - 600 = -21*q - 6*q. Suppose -q = -3*h + z. List the prime factors of h.
131
Let v(g) = 3*g**2 - 3*g + 9. Let z be v(4). Suppose -3*q - 2007 = -5*p, 41*q = -3*p + z*q + 1213. What are the prime factors of p?
3, 7, 19
Let t(m) = -17*m**2 - 3*m. Let p be t(-2). Let u = -502 + 345. Let s = p - u. What are the prime factors of s?
5, 19
Let k = -28497 - -46455. What are the prime factors of k?
2, 3, 41, 73
Let m = 183 - -101. Suppose -5*k + 811 = -m. What are the prime factors of k?
3, 73
Suppose 6*y - 120 = y. Let o = 31 - y. Let q(k) = 8*k + 5. What are the prime factors of q(o)?
61
Let z be 131 - 4 - (3 - 5). Suppose 0 = -x + 348 + z. List the prime factors of x.
3, 53
Suppose -3*o + 14321 = -a - 27144, 0 = 2*a - 2. What are the prime factors of o?
2, 6911
Suppose -5*h - 424 = 5*g - 6*g, -3*h + 1362 = 3*g. Let l = 473 - g. List the prime factors of l.
2, 3
Suppose h = t - 1498, -3*h - 3957 - 577 = 5*t. Let j = -827 - h. What are the prime factors of j?
2, 13
Let k(i) = 1073*i - 711. List the prime factors of k(7).
2, 5, 17
Let h = 6203 + -2203. What are the prime factors of h?
2, 5
Suppose -382 = -13*i - 109. What are the prime factors of (7196/i)/(10/15)?
2, 257
Suppose 164*y - 406532 + 61476 = 0. List the prime factors of y.
2, 263
Suppose -15 = i + 5. Let q be (9/3)/(12/i). List the prime factors of (61 - (-1 - q))*3.
3, 19
Let a(w) = 234*w**2 - 63*w - 462. List the prime factors of a(-9).
3, 6353
Let x = -8821 - -26036. What are the prime factors of x?
5, 11, 313
Suppose 2 = x, -5*x - 18 = -a + 11. Suppose 0 = 2*t + d + 33, -5*t - a = -2*t + 5*d. Let r = -5 - t. List the prime factors of r.
13
Let p(g) = g**3 - 8*g**2 + 18*g - 31. Let a be p(6). What are the prime factors of 674/a + (-84)/105?
2, 67
Let l(z) be the third derivative of -1/3*z**3 + 0*z + 17/60*z**5 + 0 - 11*z**2 + 1/24*z**4. What are the prime factors of l(-2)?
2
Let n = 3975 - 1086. List the prime factors of n.
3, 107
Let b = -2360 + 6029. What are the prime factors of b?
3, 1223
Let x(v) be the third derivative of v**6/120 - v**5/15 + v**4/8 + v**3/2 - 23*v**2. Let r be x(3). Suppose -183 = -r*k + 51. What are the prime factors of k?
2, 3, 13
Suppose s = -3*b + 72879 + 99552, -5*b = 3*s - 287397. List the prime factors of b.
2, 3, 31, 103
Let s(l) = l**2 + 20*l - 42. Let d be s(-22). What are the prime factors of 1353*d/24*4?
11, 41
Suppose -3*n = -c + 18, -11*n - 20 = -6*n. What are the prime factors of ((-15390)/(-12) - 7) + (-3)/c?
3, 5, 17
Let c be 35/30 - 1 - (-3742)/12. Let s = -158 + c. List the prime factors of s.
2, 7, 11
Suppose -16 = 4*y + 4. Let r be (y/15)/(2/(-6)) + 37. Suppose 23*b - 21*b - r = 0. List the prime factors of b.
19
Suppose -4*k = 3*y + 2*y - 156241, -k - 4*y + 39041 = 0. List the prime factors of k.
3, 1447
Let u(g) = -7*g - 46. Let q be u(-7). Suppose q*r + 6 = 0, -628 + 7503 = 5*y - 5*r. List the prime factors of y.
1373
Suppose 3*n - 3*h - 13284 = 0, -n - 3*h = -2*n + 4436. What are the prime factors of n?
2, 7, 79
Suppose 0 = x - 1, f - 2*x - 2*x = 18. Suppose k - 4*y = f, -4*y + 3 - 19 = 0. Suppose 4*w - k*w = -292. What are the prime factors of w?
2, 73
Suppose -64732 = -16*u + 51044. What are the prime factors of u?
2, 3, 67
Let k(n) = 16*n**2 + 416*n + 90. List the prime factors of k(-36).
2, 3, 5, 13
What are the prime factors of (153288/(-54))/(7/(-105))?
2, 5, 2129
Let v(u) = -7*u + 1. Let l(g) = 71*g**2 - 42*g + 6. Let f(k) = l(k) - 6*v(k). Suppose -a - 3 = -2. What are the prime factors of f(a)?
71
Suppose -3*p - 64926 = -3*v, 7*p = v + 8*p - 21654. List the prime factors of v.
2, 3, 11, 41
Let a(v) be the third derivative of -v**4/12 - v**3/2 - 20*v**2. Let f be a(-12). Suppose -f - 15 = -4*z. List the prime factors of z.
3
Let s be 4*1*(-2)/((-40)/15). Suppose -4*z = 2*t - 14, -13 - 2 = -s*z + 3*t. Let u = 30 - z. List the prime factors of u.
2, 13
Suppose -2*o + 6 = -48. Let s = o + -31. Let v(g) = -g**3 + g**2 + 3*g + 9. What are the prime factors of v(s)?
7, 11
Let a be 16/24*(1 + -4). List the prime factors of 262 - (0 + 4 + a).
2, 5, 13
Let a = 33 + -21. Let x(y) = y**3 - 12*y**2 - 3. Let t be x(a). Let r = 8 - t. What are the prime factors of r?
11
Let k = -2302 + 2530. What are the prime factors of k?
2, 3, 19
Let l(p) = -90*p - 71. Let q be l(-4). Let j = 320 - q. List the prime factors of j.
31
Suppose 0 = 309*k - 3591387 - 7939875. List the prime factors of k.
2, 47, 397
Let r(i) = -2*i**3 + 2*i**2 - 3*i + 1. Let q be r(-3). Suppose 5263 = 60*j - 2777. Let s = j - q. What are the prime factors of s?
2, 13
List the prime factors of ((-4231)/8)/((-51)/408).
4231
Let u = -63 + 111. Suppose 0 = a - 4*a + u. Suppose 14*v = a*v - 68. What are the prime factors of v?
2, 17
Suppose -164*b - 181492 + 829659 = -265477. What are the prime factors of b?
3, 619
Suppose -3*w + 5*x + 14 - 5 = 0, 0 = 5*w + 4*x - 15. Suppose -4*r = w*q - 2358, 0 = -4*r + 3*r + 3*q + 582. List the prime factors of r.
